 15.
12
Calculate the remainder when 3316 is divided by 8.
4
Calculate the remainder when 24324 is divided by 15.
9
What is the remainder when 28877 is divided by 265?
257
What is the remainder when 2206710 is divided by 13?
12
What is the remainder when 272977 is divided by 41?
40
What is the remainder when 92122 is divided by 9?
7
Calculate the remainder when 3921433 is divided by 633.
631
Calculate the remainder when 1157588 is divided by 694.
690
Calculate the remainder when 14742 is divided by 15.
12
Calculate the remainder when 113577 is divided by 65.
22
Calculate the remainder when 28198 is divided by 14082.
34
Calculate the remainder when 328 is divided by 147.
34
What is the remainder when 8208 is divided by 471?
201
What is the remainder when 47957 is divided by 40?
37
Calculate the remainder when 188853 is divided by 107.
105
Calculate the remainder when 408 is divided by 239.
169
What is the remainder when 3315 is divided by 1082?
69
What is the remainder when 1887 is divided by 1490?
397
Calculate the remainder when 24960 is divided by 861.
852
Calculate the remainder when 5916 is divided by 185.
181
What is the remainder when 6861 is divided by 3423?
15
What is the remainder when 968 is divided by 71?
45
Calculate the remainder when 2930 is divided by 2721.
209
What is the remainder when 204 is divided by 198?
6
What is the remainder when 36840 is divided by 124?
12
What is the remainder when 40720 is divided by 5798?
134
Calculate the remainder when 1802 is divided by 317.
217
What is the remainder when 113832 is divided by 173?
171
Calculate the remainder when 1325 is divided by 10.
5
What is the remainder when 1197 is divided by 111?
87
Calculate the remainder when 947854 is divided by 156.
154
Calculate the remainder when 2250 is divided by 2011.
239
What is the remainder when 5351262 is divided by 86?
84
What is the remainder when 48820 is divided by 209?
123
Calculate the remainder when 4738 is divided by 217.
181
What is the remainder when 1371 is divided by 71?
22
What is the remainder when 3441 is divided by 52?
9
Calculate the remainder when 327 is divided by 93.
48
What is the remainder when 188229 is divided by 62736?
21
Calculate the remainder when 13735 is divided by 103.
36
What is the remainder when 73921 is divided by 5?
1
What is the remainder when 2201 is divided by 29?
26
What is the remainder when 1905 is divided by 106?
103
Calculate the remainder when 422644 is divided by 14.
12
What is the remainder when 742 is divided by 180?
22
Calculate the remainder when 19296 is divided by 6.
0
What is the remainder when 266795 is divided by 38?
35
Calculate the remainder when 8175 is divided by 73.
72
What is the remainder when 8303367 is divided by 15?
12
Calculate the remainder when 2863 is divided by 78.
55
Calculate the remainder when 412923 is divided by 1665.
3
What is the remainder when 65830 is divided by 145?
0
Calculate the remainder when 2037 is divided by 227.
221
Calculate the remainder when 87834 is divided by 488.
482
What is the remainder when 1844608 is divided by 611?
610
What is the remainder when 12460 is divided by 4142?
34
Calculate the remainder when 899 is divided by 812.
87
What is the remainder when 16377 is divided by 818?
17
What is the remainder when 179775 is divided by 347?
29
What is the remainder when 23119 is divided by 45?
34
Calculate the remainder when 13604 is divided by 544.
4
Calculate the remainder when 3029 is divided by 26.
13
What is the remainder when 107311 is divided by 127?
123
Calculate the remainder when 445 is divided by 69.
31
Calculate the remainder when 1215 is divided by 638.
577
What is the remainder when 1930 is divided by 46?
44
What is the remainder when 25652 is divided by 202?
200
What is the remainder when 1115 is divided by 105?
65
Calculate the remainder when 904 is divided by 894.
10
What is the remainder when 7509 is divided by 1006?
467
What is the remainder when 14359 is divided by 1794?
7
What is the remainder when 156777 is divided by 962?
933
Calculate the remainder when 758947 is divided by 132.
79
What is the remainder when 45230 is divided by 105?
80
What is the remainder when 353 is divided by 353?
0
Calculate the remainder when 405601 is divided by 17.
15
What is the remainder when 23824 is divided by 744?
16
What is the remainder when 1548 is divided by 388?
384
Calculate the remainder when 661914 is divided by 1120.
1114
What is the remainder when 2501 is divided by 1247?
7
Calculate the remainder when 2686 is divided by 5.
1
Calculate the remainder when 19162 is divided by 3174.
118
What is the remainder when 2628428 is divided by 70?
68
What is the remainder when 706669 is divided by 397?
9
What is the remainder when 14396 is divided by 220?
96
What is the remainder when 7943 is divided by 611?
0
Calculate the remainder when 671106 is divided by 131.
124
What is the remainder when 93664 is divided by 67?
65
What is the remainder when 963 is divided by 174?
93
Calculate the remainder when 15883 is divided by 5259.
106
What is the remainder when 120743 is divided by 108?
107
Calculate the remainder when 31030 is divided by 341.
340
What is the remainder when 791 is divided by 171?
107
What is the remainder when 496 is divided by 213?
70
Calculate the remainder when 3311 is divided by 1615.
81
What is the remainder when 23219 is divided by 430?
429
What is the remainder when 4188 is divided by 94?
52
Calculate the remainder when 84808 is divided by 33.
31
Calculate the remainder when 124815 is divided by 116.
115
Calculate the remainder when 419230 is divided by 245.
35
Calculate the remainder when 24276 is divided by 668.
228
Calculate the remainder when 389129 is divided by 64849.
35
Calculate the remainder when 13857 is divided by 1416.
1113
Calculate the remainder when 736630 is divided by 78.
76
Calculate the remainder when 622542 is divided by 13.
11
What is the remainder when 11490 is divided by 1804?
666
Calculate the remainder when 48307 is divided by 5285.
742
What is the remainder when 7230 is divided by 329?
321
What is the remainder when 104174 is divided by 75?
74
Calculate the remainder when 569 is divided by 291.
278
Calculate the remainder when 28460 is divided by 78.
68
What is the remainder when 17141 is divided by 127?
123
Calculate the remainder when 225 is divided by 107.
11
Calculate the remainder when 542381 is divided by 21.
14
What is the remainder when 65353 is divided by 57?
31
Calculate the remainder when 16463 is divided by 969.
959
What is the remainder when 11637 is divided by 1420?
277
What is the remainder when 277179 is divided by 277138?
41
Calculate the remainder when 3383 is divided by 379.
351
What is the remainder when 17658 is divided by 194?
4
What is the remainder when 849246 is divided by 9?
6
Calculate the remainder when 1356 is divided by 279.
240
What is the remainder when 96804 is divided by 712?
684
What is the remainder when 13038 is divided by 150?
138
Calculate the remainder when 1550 is divided by 63.
38
Calculate the remainder when 8199 is divided by 7.
2
What is the remainder when 130026 is divided by 108?
102
Calculate the remainder when 4198 is divided by 46.
12
Calculate the remainder when 134 is divided by 78.
56
What is the remainder when 181284 is divided by 86?
82
Calculate the remainder when 190744 is divided by 5960.
24
What is the remainder when 1076 is divided by 1017?
59
Calculate the remainder when 19271 is divided by 8879.
1513
What is the remainder when 66569 is divided by 10?
9
What is the remainder when 1128 is divided by 1072?
56
What is the remainder when 1333 is divided by 666?
1
Calculate the remainder when 16137 is divided by 256.
9
Calculate the remainder when 44153 is divided by 64.
57
What is the remainder when 99231 is divided by 9020?
11
Calculate the remainder when 938240 is divided by 61.
60
What is the remainder when 1476 is divided by 495?
486
What is the remainder when 12138 is divided by 6068?
2
What is the remainder when 2486654 is divided by 128?
126
What is the remainder when 171 is divided by 82?
7
What is the remainder when 3515 is divided by 64?
59
What is the remainder when 36554 is divided by 103?
92
What is the remainder when 4909 is divide